{"id":1819,"date":"2019-04-03T11:24:37","date_gmt":"2019-04-03T10:24:37","guid":{"rendered":"https:\/\/gruasserrat.com\/aviso-legal\/"},"modified":"2019-11-30T18:13:51","modified_gmt":"2019-11-30T17:13:51","slug":"avis-legal","status":"publish","type":"page","link":"https:\/\/gruasserrat.com\/ca\/avis-legal\/","title":{"rendered":"Av\u00eds Legal"},"content":{"rendered":"<p>En compliment de la Llei 34\/2002 del 11 de juliol, de <em>Serveis de la Societat d\u2019Informaci\u00f3 i Comer\u00e7 Electr\u00f2nic (LSSICE)<\/em>s\u2019informa dels seg\u00fcents aspectes legals:<\/p>\n<p><strong>Identificaci\u00f3 de la web<\/strong>:<br \/>\nwww.gruasserrat.com<br \/>\n<strong><br \/>\nResponsable de la web<\/strong>:<br \/>\nDepartament d&#8217;Administraci\u00f3, Gruas Serrat, S.A.<br \/>\n<strong><br \/>\nDirecci\u00f3<\/strong>:<br \/>\nC\/ Can Mag\u00ed, 8 \u2013 Pol.Ind.Santiga, 08210 Barber\u00e0 del Vall\u00e8s<br \/>\n<strong><br \/>\nEmail de contacte<\/strong>:<br \/>\ninfo@gruasserrat.com<br \/>\n<strong><br \/>\nTelf. \/ Fax<\/strong>:<br \/>\n93.710.64.16 \/\/ 93.710.28.92<br \/>\n<strong><br \/>\nDades Fiscals<\/strong>:<br \/>\nA-08362345<br \/>\n<strong><br \/>\nDades Registrals<\/strong>:<br \/>\nInscrit al Registre Mercantil de Barcelona, Full, 31939, Tomo 3032\u00a0, Llibre 2402, secci\u00f3 2a. , Inscripci\u00f3 1a.<strong>\u00a0<\/strong><\/p>\n<p>&nbsp;<\/p>\n<p>&nbsp;<\/p>\n<p>&nbsp;<\/p>\n","protected":false},"excerpt":{"rendered":"<p>En compliment de la Llei 34\/2002 del 11 de juliol, de Serveis de la Societat d\u2019Informaci\u00f3 i Comer\u00e7 Electr\u00f2nic (LSSICE)s\u2019informa dels seg\u00fcents aspectes legals: Identificaci\u00f3 de la web: www.gruasserrat.com Responsable de la web: Departament d&#8217;Administraci\u00f3, Gruas Serrat, S.A. Direcci\u00f3: C\/ Can Mag\u00ed, 8 \u2013 Pol.Ind.Santiga, 08210 Barber\u00e0 del Vall\u00e8s Email de contacte: info@gruasserrat.com Telf. \/ [&hellip;]<\/p>\n","protected":false},"author":4,"featured_media":0,"parent":0,"menu_order":0,"comment_status":"closed","ping_status":"closed","template":"","meta":{"footnotes":""},"class_list":["post-1819","page","type-page","status-publish","hentry"],"yoast_head":"<!-- This site is optimized with the Yoast SEO plugin v27.4 - https:\/\/yoast.com\/product\/yoast-seo-wordpress\/ -->\n<title>Av\u00eds Legal - Gruas Serrat<\/title>\n<meta name=\"robots\" content=\"index, follow, max-snippet:-1, max-image-preview:large, max-video-preview:-1\" \/>\n<link rel=\"canonical\" href=\"https:\/\/gruasserrat.com\/ca\/avis-legal\/\" \/>\n<meta property=\"og:locale\" content=\"ca_ES\" \/>\n<meta property=\"og:type\" content=\"article\" \/>\n<meta property=\"og:title\" content=\"Av\u00eds Legal - Gruas Serrat\" \/>\n<meta property=\"og:description\" content=\"En compliment de la Llei 34\/2002 del 11 de juliol, de Serveis de la Societat d\u2019Informaci\u00f3 i Comer\u00e7 Electr\u00f2nic (LSSICE)s\u2019informa dels seg\u00fcents aspectes legals: Identificaci\u00f3 de la web: www.gruasserrat.com Responsable de la web: Departament d&#8217;Administraci\u00f3, Gruas Serrat, S.A. Direcci\u00f3: C\/ Can Mag\u00ed, 8 \u2013 Pol.Ind.Santiga, 08210 Barber\u00e0 del Vall\u00e8s Email de contacte: info@gruasserrat.com Telf. \/ [&hellip;]\" \/>\n<meta property=\"og:url\" content=\"https:\/\/gruasserrat.com\/ca\/avis-legal\/\" \/>\n<meta property=\"og:site_name\" content=\"Gruas Serrat\" \/>\n<meta property=\"article:modified_time\" content=\"2019-11-30T17:13:51+00:00\" \/>\n<meta name=\"twitter:card\" content=\"summary_large_image\" \/>\n<script type=\"application\/ld+json\" class=\"yoast-schema-graph\">{\"@context\":\"https:\\\/\\\/schema.org\",\"@graph\":[{\"@type\":\"WebPage\",\"@id\":\"https:\\\/\\\/gruasserrat.com\\\/ca\\\/avis-legal\\\/\",\"url\":\"https:\\\/\\\/gruasserrat.com\\\/ca\\\/avis-legal\\\/\",\"name\":\"Av\u00eds Legal - Gruas Serrat\",\"isPartOf\":{\"@id\":\"https:\\\/\\\/gruasserrat.com\\\/#website\"},\"datePublished\":\"2019-04-03T10:24:37+00:00\",\"dateModified\":\"2019-11-30T17:13:51+00:00\",\"breadcrumb\":{\"@id\":\"https:\\\/\\\/gruasserrat.com\\\/ca\\\/avis-legal\\\/#breadcrumb\"},\"inLanguage\":\"ca\",\"potentialAction\":[{\"@type\":\"ReadAction\",\"target\":[\"https:\\\/\\\/gruasserrat.com\\\/ca\\\/avis-legal\\\/\"]}]},{\"@type\":\"BreadcrumbList\",\"@id\":\"https:\\\/\\\/gruasserrat.com\\\/ca\\\/avis-legal\\\/#breadcrumb\",\"itemListElement\":[{\"@type\":\"ListItem\",\"position\":1,\"name\":\"Portada\",\"item\":\"https:\\\/\\\/gruasserrat.com\\\/ca\\\/gruas-serrat\\\/\"},{\"@type\":\"ListItem\",\"position\":2,\"name\":\"Av\u00eds Legal\"}]},{\"@type\":\"WebSite\",\"@id\":\"https:\\\/\\\/gruasserrat.com\\\/#website\",\"url\":\"https:\\\/\\\/gruasserrat.com\\\/\",\"name\":\"Gruas Serrat\",\"description\":\"Alquiler de gr\u00faas I Lloguer de grues\",\"publisher\":{\"@id\":\"https:\\\/\\\/gruasserrat.com\\\/#organization\"},\"potentialAction\":[{\"@type\":\"SearchAction\",\"target\":{\"@type\":\"EntryPoint\",\"urlTemplate\":\"https:\\\/\\\/gruasserrat.com\\\/?s={search_term_string}\"},\"query-input\":{\"@type\":\"PropertyValueSpecification\",\"valueRequired\":true,\"valueName\":\"search_term_string\"}}],\"inLanguage\":\"ca\"},{\"@type\":\"Organization\",\"@id\":\"https:\\\/\\\/gruasserrat.com\\\/#organization\",\"name\":\"Gruas Serrat\",\"url\":\"https:\\\/\\\/gruasserrat.com\\\/\",\"logo\":{\"@type\":\"ImageObject\",\"inLanguage\":\"ca\",\"@id\":\"https:\\\/\\\/gruasserrat.com\\\/#\\\/schema\\\/logo\\\/image\\\/\",\"url\":\"https:\\\/\\\/gruasserrat.com\\\/wp-content\\\/uploads\\\/2019\\\/04\\\/logo-1-GS.png\",\"contentUrl\":\"https:\\\/\\\/gruasserrat.com\\\/wp-content\\\/uploads\\\/2019\\\/04\\\/logo-1-GS.png\",\"width\":416,\"height\":148,\"caption\":\"Gruas Serrat\"},\"image\":{\"@id\":\"https:\\\/\\\/gruasserrat.com\\\/#\\\/schema\\\/logo\\\/image\\\/\"}}]}<\/script>\n<!-- \/ Yoast SEO plugin. -->","yoast_head_json":{"title":"Av\u00eds Legal - Gruas Serrat","robots":{"index":"index","follow":"follow","max-snippet":"max-snippet:-1","max-image-preview":"max-image-preview:large","max-video-preview":"max-video-preview:-1"},"canonical":"https:\/\/gruasserrat.com\/ca\/avis-legal\/","og_locale":"ca_ES","og_type":"article","og_title":"Av\u00eds Legal - Gruas Serrat","og_description":"En compliment de la Llei 34\/2002 del 11 de juliol, de Serveis de la Societat d\u2019Informaci\u00f3 i Comer\u00e7 Electr\u00f2nic (LSSICE)s\u2019informa dels seg\u00fcents aspectes legals: Identificaci\u00f3 de la web: www.gruasserrat.com Responsable de la web: Departament d&#8217;Administraci\u00f3, Gruas Serrat, S.A. Direcci\u00f3: C\/ Can Mag\u00ed, 8 \u2013 Pol.Ind.Santiga, 08210 Barber\u00e0 del Vall\u00e8s Email de contacte: info@gruasserrat.com Telf. \/ [&hellip;]","og_url":"https:\/\/gruasserrat.com\/ca\/avis-legal\/","og_site_name":"Gruas Serrat","article_modified_time":"2019-11-30T17:13:51+00:00","twitter_card":"summary_large_image","schema":{"@context":"https:\/\/schema.org","@graph":[{"@type":"WebPage","@id":"https:\/\/gruasserrat.com\/ca\/avis-legal\/","url":"https:\/\/gruasserrat.com\/ca\/avis-legal\/","name":"Av\u00eds Legal - Gruas Serrat","isPartOf":{"@id":"https:\/\/gruasserrat.com\/#website"},"datePublished":"2019-04-03T10:24:37+00:00","dateModified":"2019-11-30T17:13:51+00:00","breadcrumb":{"@id":"https:\/\/gruasserrat.com\/ca\/avis-legal\/#breadcrumb"},"inLanguage":"ca","potentialAction":[{"@type":"ReadAction","target":["https:\/\/gruasserrat.com\/ca\/avis-legal\/"]}]},{"@type":"BreadcrumbList","@id":"https:\/\/gruasserrat.com\/ca\/avis-legal\/#breadcrumb","itemListElement":[{"@type":"ListItem","position":1,"name":"Portada","item":"https:\/\/gruasserrat.com\/ca\/gruas-serrat\/"},{"@type":"ListItem","position":2,"name":"Av\u00eds Legal"}]},{"@type":"WebSite","@id":"https:\/\/gruasserrat.com\/#website","url":"https:\/\/gruasserrat.com\/","name":"Gruas Serrat","description":"Alquiler de gr\u00faas I Lloguer de grues","publisher":{"@id":"https:\/\/gruasserrat.com\/#organization"},"potentialAction":[{"@type":"SearchAction","target":{"@type":"EntryPoint","urlTemplate":"https:\/\/gruasserrat.com\/?s={search_term_string}"},"query-input":{"@type":"PropertyValueSpecification","valueRequired":true,"valueName":"search_term_string"}}],"inLanguage":"ca"},{"@type":"Organization","@id":"https:\/\/gruasserrat.com\/#organization","name":"Gruas Serrat","url":"https:\/\/gruasserrat.com\/","logo":{"@type":"ImageObject","inLanguage":"ca","@id":"https:\/\/gruasserrat.com\/#\/schema\/logo\/image\/","url":"https:\/\/gruasserrat.com\/wp-content\/uploads\/2019\/04\/logo-1-GS.png","contentUrl":"https:\/\/gruasserrat.com\/wp-content\/uploads\/2019\/04\/logo-1-GS.png","width":416,"height":148,"caption":"Gruas Serrat"},"image":{"@id":"https:\/\/gruasserrat.com\/#\/schema\/logo\/image\/"}}]}},"_links":{"self":[{"href":"https:\/\/gruasserrat.com\/ca\/wp-json\/wp\/v2\/pages\/1819","targetHints":{"allow":["GET"]}}],"collection":[{"href":"https:\/\/gruasserrat.com\/ca\/wp-json\/wp\/v2\/pages"}],"about":[{"href":"https:\/\/gruasserrat.com\/ca\/wp-json\/wp\/v2\/types\/page"}],"author":[{"embeddable":true,"href":"https:\/\/gruasserrat.com\/ca\/wp-json\/wp\/v2\/users\/4"}],"replies":[{"embeddable":true,"href":"https:\/\/gruasserrat.com\/ca\/wp-json\/wp\/v2\/comments?post=1819"}],"version-history":[{"count":5,"href":"https:\/\/gruasserrat.com\/ca\/wp-json\/wp\/v2\/pages\/1819\/revisions"}],"predecessor-version":[{"id":2166,"href":"https:\/\/gruasserrat.com\/ca\/wp-json\/wp\/v2\/pages\/1819\/revisions\/2166"}],"wp:attachment":[{"href":"https:\/\/gruasserrat.com\/ca\/wp-json\/wp\/v2\/media?parent=1819"}],"curies":[{"name":"wp","href":"https:\/\/api.w.org\/{rel}","templated":true}]}}

Avís Legal

<p>En compliment de la Llei 34/2002 del 11 de juliol, de <em>Serveis de la Societat d’Informació i Comerç Electrònic (LSSICE)</em>s’informa dels següents aspectes legals:</p>
<p><strong>Identificació de la web</strong>:<br />
www.gruasserrat.com<br />
<strong><br />
Responsable de la web</strong>:<br />
Departament d&#8217;Administració, Gruas Serrat, S.A.<br />
<strong><br />
Direcció</strong>:<br />
C/ Can Magí, 8 – Pol.Ind.Santiga, 08210 Barberà del Vallès<br />
<strong><br />
Email de contacte</strong>:<br />
info@gruasserrat.com<br />
<strong><br />
Telf. / Fax</strong>:<br />
93.710.64.16 // 93.710.28.92<br />
<strong><br />
Dades Fiscals</strong>:<br />
A-08362345<br />
<strong><br />
Dades Registrals</strong>:<br />
Inscrit al Registre Mercantil de Barcelona, Full, 31939, Tomo 3032 , Llibre 2402, secció 2a. , Inscripció 1a.<strong> </strong></p>
<p>&nbsp;</p>
<p>&nbsp;</p>
<p>&nbsp;</p>

<p>En compliment de la Llei 34/2002 del 11 de juliol, de Serveis de la Societat d’Informació i Comerç Electrònic (LSSICE)s’informa dels següents aspectes legals: Identificació de la web: www.gruasserrat.com Responsable de la web: Departament d&#8217;Administració, Gruas Serrat, S.A. Direcció: C/ Can Magí, 8 – Pol.Ind.Santiga, 08210 Barberà del Vallès Email de contacte: info@gruasserrat.com Telf. / [&hellip;]</p>

<!-- This site is optimized with the Yoast SEO plugin v27.4 - https://yoast.com/product/yoast-seo-wordpress/ -->
<title>Avís Legal - Gruas Serrat</title>
<meta name="robots" content="index, follow, max-snippet:-1, max-image-preview:large, max-video-preview:-1" />
<link rel="canonical" href="https://gruasserrat.com/ca/avis-legal/" />
<meta property="og:locale" content="ca_ES" />
<meta property="og:type" content="article" />
<meta property="og:title" content="Avís Legal - Gruas Serrat" />
<meta property="og:description" content="En compliment de la Llei 34/2002 del 11 de juliol, de Serveis de la Societat d’Informació i Comerç Electrònic (LSSICE)s’informa dels següents aspectes legals: Identificació de la web: www.gruasserrat.com Responsable de la web: Departament d&#8217;Administració, Gruas Serrat, S.A. Direcció: C/ Can Magí, 8 – Pol.Ind.Santiga, 08210 Barberà del Vallès Email de contacte: info@gruasserrat.com Telf. / [&hellip;]" />
<meta property="og:url" content="https://gruasserrat.com/ca/avis-legal/" />
<meta property="og:site_name" content="Gruas Serrat" />
<meta property="article:modified_time" content="2019-11-30T17:13:51+00:00" />
<meta name="twitter:card" content="summary_large_image" />
<script type="application/ld+json" class="yoast-schema-graph">{"@context":"https:\/\/schema.org","@graph":[{"@type":"WebPage","@id":"https:\/\/gruasserrat.com\/ca\/avis-legal\/","url":"https:\/\/gruasserrat.com\/ca\/avis-legal\/","name":"Avís Legal - Gruas Serrat","isPartOf":{"@id":"https:\/\/gruasserrat.com\/#website"},"datePublished":"2019-04-03T10:24:37+00:00","dateModified":"2019-11-30T17:13:51+00:00","breadcrumb":{"@id":"https:\/\/gruasserrat.com\/ca\/avis-legal\/#breadcrumb"},"inLanguage":"ca","potentialAction":[{"@type":"ReadAction","target":["https:\/\/gruasserrat.com\/ca\/avis-legal\/"]}]},{"@type":"BreadcrumbList","@id":"https:\/\/gruasserrat.com\/ca\/avis-legal\/#breadcrumb","itemListElement":[{"@type":"ListItem","position":1,"name":"Portada","item":"https:\/\/gruasserrat.com\/ca\/gruas-serrat\/"},{"@type":"ListItem","position":2,"name":"Avís Legal"}]},{"@type":"WebSite","@id":"https:\/\/gruasserrat.com\/#website","url":"https:\/\/gruasserrat.com\/","name":"Gruas Serrat","description":"Alquiler de grúas I Lloguer de grues","publisher":{"@id":"https:\/\/gruasserrat.com\/#organization"},"potentialAction":[{"@type":"SearchAction","target":{"@type":"EntryPoint","urlTemplate":"https:\/\/gruasserrat.com\/?s={search_term_string}"},"query-input":{"@type":"PropertyValueSpecification","valueRequired":true,"valueName":"search_term_string"}}],"inLanguage":"ca"},{"@type":"Organization","@id":"https:\/\/gruasserrat.com\/#organization","name":"Gruas Serrat","url":"https:\/\/gruasserrat.com\/","logo":{"@type":"ImageObject","inLanguage":"ca","@id":"https:\/\/gruasserrat.com\/#\/schema\/logo\/image\/","url":"https:\/\/gruasserrat.com\/wp-content\/uploads\/2019\/04\/logo-1-GS.png","contentUrl":"https:\/\/gruasserrat.com\/wp-content\/uploads\/2019\/04\/logo-1-GS.png","width":416,"height":148,"caption":"Gruas Serrat"},"image":{"@id":"https:\/\/gruasserrat.com\/#\/schema\/logo\/image\/"}}]}</script>
<!-- / Yoast SEO plugin. -->

Avís Legal - Gruas Serrat

En compliment de la Llei 34/2002 del 11 de juliol, de Serveis de la Societat d’Informació i Comerç Electrònic (LSSICE)s’informa dels següents aspectes legals: Identificació de la web: www.gruasserrat.com Responsable de la web: Departament d&#8217;Administració, Gruas Serrat, S.A. Direcció: C/ Can Magí, 8 – Pol.Ind.Santiga, 08210 Barberà del Vallès Email de contacte: info@gruasserrat.com Telf. / [&hellip;]

Alquiler de grúas I Lloguer de grues
